{"id":25,"date":"2018-08-31T06:55:30","date_gmt":"2018-08-31T06:55:30","guid":{"rendered":"http:\/\/ses-schaltanlagen.de\/?page_id=25"},"modified":"2020-10-16T09:56:55","modified_gmt":"2020-10-16T07:56:55","slug":"kontakt-und-impressum","status":"publish","type":"page","link":"https:\/\/www.ses-schaltanlagen.de\/?page_id=25","title":{"rendered":"Impressum\/ Datenschutzerkl\u00e4rung"},"content":{"rendered":"<p><strong>SES Schaltanlagen und Prozessleittechnik GmbH<\/strong><br \/>\nKruppstr. 8a<br \/>\n76344 Eggenstein<br \/>\nTel.:<br \/>\nStephan Andretzky: 0 72 1 \/ 94 19 42 4<br \/>\nErwin Haas: 0 72 1 \/ 94 19 42 5<br \/>\nFax.:0 72 1 \/ 94 19 42 6<\/p>\n<p>Etogesstrasse 42<br \/>\n76275 Ettlingen<br \/>\nTel.: 0 72 43 \/ 59 79 11<br \/>\nFax: 0 72 43 \/ 59 79 12<br \/>\nMobil-Telefon: 0 171 \/ 54 45 178<\/p>\n<table border=\"0\" cellspacing=\"0\" cellpadding=\"0\">\n<tbody>\n<tr>\n<td>Email:<\/td>\n<td><a class=\"ApplyClass\" href=\"mailto:info@ses-schaltanlagen.de\">info<\/a><\/td>\n<\/tr>\n<\/tbody>\n<\/table>\n<p>Sitz der Gesellschaft: Ettlingen<br \/>\nAmtsgericht Mannheim HRB 362318<br \/>\nGesch\u00e4ftsf\u00fchrer: Dipl.-Ing. (FH) Stephan Andretzky, Erwin Haas<br \/>\nUst-Ident-Nummer: DE 205 819 541<\/p>\n<p><strong>Ansprechpartner:<br \/>\n<\/strong>Herr Dipl.-Ing.(FH)<br \/>\nStephan Andretzky,<br \/>\nErwin Haas<\/p>\n<h2><strong>Datenschutzerkl\u00e4rung:<\/strong><\/h2>\n<p>Wir freuen uns \u00fcber Ihren Besuch unserer Website und \u00fcber Ihr Interesse an unserem Unternehmen und unseren Produkten. Hierbei achten wir Ihre Privatsph\u00e4re und gew\u00e4hrleisten den Schutz Ihrer personenbezogenen Daten, indem wir Ihre personenbezogenen Daten in \u00dcbereinstimmung mit dem Inhalt dieser Datenschutzbestimmungen sowie den anwendbaren Datenschutzgesetzen verarbeiten.<\/p>\n<p>Sie k\u00f6nnen unsere Website besuchen, ohne uns mitzuteilen, wer Sie sind. Um unsere Website darstellen zu k\u00f6nnen, sind Sie lediglich verpflichtet, die von Ihrem Browser an unseren Server \u00fcbermittelten Daten (siehe \u201eLogfiles\u201c) zur Verf\u00fcgung zu stellen. Weitere personenbezogene Daten von Ihnen werden nur dann gespeichert, wenn Sie diese freiwillig auf der Website eingeben bzw. \u00a0entsprechende Funktionen nutzen.<\/p>\n<p><strong>Logfiles<\/strong><\/p>\n<p>Bei jedem Zugriff auf unsere Seite erheben wir folgende Informationen \u00fcber Ihren Computer: Die IP-Adresse Ihres Computers, die Anfrage Ihres Browsers sowie die Zeit dieser Anfrage. Au\u00dferdem werden der Status und die \u00fcbertragene Datenmenge im Rahmen dieser Anfrage erfasst, dar\u00fcber hinaus Produkt- und Versionsinformationen \u00fcber den verwendeten Browser und das Betriebssystem Ihres Computers. Wir erfassen weiter, von welcher Website aus der Zugriff auf unsere Seite erfolgte. Die IP-Adresse Ihres Computers wird dabei nur f\u00fcr die Zeit Ihrer Nutzung der Website gespeichert und im Anschluss daran unverz\u00fcglich gel\u00f6scht oder durch K\u00fcrzung anonymisiert. Die \u00fcbrigen Daten werden f\u00fcr eine begrenzte Zeitdauer gespeichert. Wir verwenden diese Daten f\u00fcr den Betrieb unserer Website, insbesondere um Fehler der Website festzustellen und zu beseitigen, um die Auslastung der Website festzustellen und um Anpassungen oder Verbesserungen vorzunehmen (Rechtsgrundlage: Art. 6 Abs. 1 S. 1 lit. f DSGVO).<\/p>\n<p><strong>Widerruf von Einwilligungen\/ Widerspruch gegen eine Datenverarbeitung<\/strong><\/p>\n<p>Sofern Sie uns gegen\u00fcber Einwilligungen, z. B. im Rahmen einer Anfrage \u00fcber unser Kontaktformular oder in anderem Kontext, abgegeben haben, k\u00f6nnen Sie diese jederzeit mit Wirkung f\u00fcr die Zukunft widerrufen.<\/p>\n<p>Soweit wir die Verarbeitung Ihrer personenbezogenen Daten auf eine Interessenabw\u00e4gung gem. Art. 6 Abs. 1 S. 1 lit. f DSGVO st\u00fctzen, k\u00f6nnen Sie Widerspruch gegen die Verarbeitung einlegen. Bei Aus\u00fcbung eines solchen Widerspruchs bitten wir um Darlegung der Gr\u00fcnde, weshalb wir Ihre personenbezogenen Daten nicht wie von uns durchgef\u00fchrt verarbeiten sollten. Im Falle Ihres begr\u00fcndeten Widerspruchs pr\u00fcfen wir die Sachlage und werden entweder die Datenverarbeitung einstellen bzw. anpassen oder Ihnen unsere zwingenden schutzw\u00fcrdigen Gr\u00fcnde aufzeigen, aufgrund derer wir die Verarbeitung fortf\u00fchren.<\/p>\n<p>Sie k\u00f6nnen der Verarbeitung Ihrer personenbezogenen Daten f\u00fcr Zwecke der Werbung und Datenanalyse jederzeit widersprechen.<\/p>\n<p>Ihren Widerruf oder Widerspruch k\u00f6nnen Sie uns unter den Kontaktdaten unter \u201eVerantwortlicher\u201c zusenden.<\/p>\n<p><strong>Ihre Rechte<\/strong><\/p>\n<p>Sie haben gegen\u00fcber uns folgende Rechte hinsichtlich der Sie betreffenden personenbezogenen Daten:<\/p>\n<ul>\n<li>Recht auf Auskunft, ob wir Daten \u00fcber Ihre Person verarbeiten. Falls wir Daten \u00fcber Ihre Person verarbeiten, haben Sie das Recht Auskunft \u00fcber die Art und Umst\u00e4nde der Datenverarbeitung zu erlangen (Art. 15 DSGVO),<\/li>\n<li>Recht auf Berichtigung unrichtiger Daten (Art. 16 DSGVO) oder Recht auf L\u00f6schung Ihrer Daten, sofern die Voraussetzungen des Art. 17 Abs. 1 DSGVO erf\u00fcllt sind,<\/li>\n<li>Recht auf Einschr\u00e4nkung der Verarbeitung (Art. 18 DSGVO),<\/li>\n<li>Recht auf Widerspruch gegen die Verarbeitung unter den oben genannten Bedingungen (Art. 21 DSGVO),<\/li>\n<li>Recht auf Daten\u00fcbertragbarkeit unter den Voraussetzungen des Art. 20 DSGVO.<\/li>\n<\/ul>\n<p>Sie haben zudem das Recht, sich bei einer Datenschutz-Aufsichtsbeh\u00f6rde \u00fcber die Verarbeitung Ihrer personenbezogenen Daten durch uns zu beschweren.<\/p>\n<p><strong>Verantwortlicher<\/strong><\/p>\n<p>SES Schaltanlagen und Prozessleittechnik GmbH, Etogesstrasse 42, 76275 Ettlingen; Tel.: 07243\/ 59 79 11; Fax: 07243\/ 597912<\/p>\n","protected":false},"excerpt":{"rendered":"<div class=\"slide-text-bg2\"><span>SES Schaltanlagen und Prozessleittechnik GmbH Kruppstr. 8a 76344 Eggenstein Tel.: Stephan Andretzky: 0 72 1 \/ 94 19 42 4 Erwin Haas: 0 72 1 \/ 94 19 42 5 Fa<\/span><\/div>\n<div class=\"slide-btn-area-sm\"><a href=\"https:\/\/www.ses-schaltanlagen.de\/?page_id=25\" class=\"slide-btn-sm\">weiterlesen<\/a><\/div>\n","protected":false},"author":2,"featured_media":0,"parent":0,"menu_order":0,"comment_status":"closed","ping_status":"closed","template":"fullwidth.php","meta":[],"_links":{"self":[{"href":"https:\/\/www.ses-schaltanlagen.de\/index.php?rest_route=\/wp\/v2\/pages\/25"}],"collection":[{"href":"https:\/\/www.ses-schaltanlagen.de\/index.php?rest_route=\/wp\/v2\/pages"}],"about":[{"href":"https:\/\/www.ses-schaltanlagen.de\/index.php?rest_route=\/wp\/v2\/types\/page"}],"author":[{"embeddable":true,"href":"https:\/\/www.ses-schaltanlagen.de\/index.php?rest_route=\/wp\/v2\/users\/2"}],"replies":[{"embeddable":true,"href":"https:\/\/www.ses-schaltanlagen.de\/index.php?rest_route=%2Fwp%2Fv2%2Fcomments&post=25"}],"version-history":[{"count":5,"href":"https:\/\/www.ses-schaltanlagen.de\/index.php?rest_route=\/wp\/v2\/pages\/25\/revisions"}],"predecessor-version":[{"id":140,"href":"https:\/\/www.ses-schaltanlagen.de\/index.php?rest_route=\/wp\/v2\/pages\/25\/revisions\/140"}],"wp:attachment":[{"href":"https:\/\/www.ses-schaltanlagen.de\/index.php?rest_route=%2Fwp%2Fv2%2Fmedia&parent=25"}],"curies":[{"name":"wp","href":"https:\/\/api.w.org\/{rel}","templated":true}]}}