{"id":13,"date":"2018-08-31T06:52:43","date_gmt":"2018-08-31T06:52:43","guid":{"rendered":"http:\/\/ses-schaltanlagen.de\/?page_id=13"},"modified":"2018-08-31T08:12:20","modified_gmt":"2018-08-31T08:12:20","slug":"leistungen","status":"publish","type":"page","link":"https:\/\/www.ses-schaltanlagen.de\/?page_id=13","title":{"rendered":"Leistungen"},"content":{"rendered":"<h1>Planung und Entwicklung<\/h1>\n<p>Schwerpunkte unserer T\u00e4tigkeit sind die Herstellung von Schaltanlagen f\u00fcr Industrieanlagen wie Thermal\u00f6lkessel, Dampferzeuger, Hochdruckdampfkessel, Schnelldampferzeuger sowie Regelungen f\u00fcr Prim\u00e4r- und Sekund\u00e4rregelkreise.<\/p>\n<p>Allgemeine Regel- und Steuerungskreise im Anlagenbau. Steuerungen und Pr\u00fcfst\u00e4nde f\u00fcr Kugelh\u00e4hne. Serviceunterst\u00fctzung bei der Inbetriebnahme der Gesamtanlage.<\/p>\n<div><\/div>\n<p>Wir bieten Ihnen die komplette Rundumleistung f\u00fcr Ihre Schaltanlage:<\/p>\n<ul>\n<li>Erstellen von E-CAD Schaltungsunterlagen auf mehreren CAD-Arbeitspl\u00e4tzen (System AUCOTEC)<\/li>\n<li>Mehrsprachige Darstellungen der Stromlaufpl\u00e4ne, z.B. komplett in Englisch, Franz\u00f6sisch, Russisch<\/li>\n<li>Automatisierung mit SPS-Steuerungen und Prozess-Visualisierungen, LOGO Steuerungen<\/li>\n<li>Schiffsschaltanlagen nach GL, BV, ABS, LRS<\/li>\n<li>Schaltanlagen nach British Standard (BS 7671, BS 5308)<\/li>\n<li>Zertifizierter Schaltanlagenbauer (Enclosed Industrial Control Panels) f\u00fcr die USA nach UL508A (File no. NITW.E322017)<\/li>\n<\/ul>\n","protected":false},"excerpt":{"rendered":"<div class=\"slide-text-bg2\"><span>Planung und Entwicklung Schwerpunkte unserer T\u00e4tigkeit sind die Herstellung von Schaltanlagen f\u00fcr Industrieanlagen wie Thermal\u00f6lkessel, Dampferzeuger, H<\/span><\/div>\n<div class=\"slide-btn-area-sm\"><a href=\"https:\/\/www.ses-schaltanlagen.de\/?page_id=13\" class=\"slide-btn-sm\">weiterlesen<\/a><\/div>\n","protected":false},"author":2,"featured_media":0,"parent":0,"menu_order":0,"comment_status":"closed","ping_status":"closed","template":"fullwidth.php","meta":[],"_links":{"self":[{"href":"https:\/\/www.ses-schaltanlagen.de\/index.php?rest_route=\/wp\/v2\/pages\/13"}],"collection":[{"href":"https:\/\/www.ses-schaltanlagen.de\/index.php?rest_route=\/wp\/v2\/pages"}],"about":[{"href":"https:\/\/www.ses-schaltanlagen.de\/index.php?rest_route=\/wp\/v2\/types\/page"}],"author":[{"embeddable":true,"href":"https:\/\/www.ses-schaltanlagen.de\/index.php?rest_route=\/wp\/v2\/users\/2"}],"replies":[{"embeddable":true,"href":"https:\/\/www.ses-schaltanlagen.de\/index.php?rest_route=%2Fwp%2Fv2%2Fcomments&post=13"}],"version-history":[{"count":1,"href":"https:\/\/www.ses-schaltanlagen.de\/index.php?rest_route=\/wp\/v2\/pages\/13\/revisions"}],"predecessor-version":[{"id":14,"href":"https:\/\/www.ses-schaltanlagen.de\/index.php?rest_route=\/wp\/v2\/pages\/13\/revisions\/14"}],"wp:attachment":[{"href":"https:\/\/www.ses-schaltanlagen.de\/index.php?rest_route=%2Fwp%2Fv2%2Fmedia&parent=13"}],"curies":[{"name":"wp","href":"https:\/\/api.w.org\/{rel}","templated":true}]}}